{"id":3495,"date":"2022-02-01T21:35:32","date_gmt":"2022-02-01T20:35:32","guid":{"rendered":"https:\/\/www.rezeitkon.de\/wordpress\/?page_id=3495"},"modified":"2022-03-24T09:13:13","modified_gmt":"2022-03-24T08:13:13","slug":"zeit-rebound-effekt","status":"publish","type":"page","link":"https:\/\/www.rezeitkon.de\/wordpress\/zeit-rebound-effekt\/","title":{"rendered":"Zeit-Rebound-Effekt"},"content":{"rendered":"<p>[et_pb_section fb_built=&#8220;1&#8243; make_fullwidth=&#8220;on&#8220; make_equal=&#8220;on&#8220; custom_padding_last_edited=&#8220;on|desktop&#8220; admin_label=&#8220;section&#8220; module_class=&#8220;binka_header&#8220; _builder_version=&#8220;3.0.74&#8243; background_color=&#8220;#84bc41&#8243; custom_padding_tablet=&#8220;50px|0|50px|0&#8243; transparent_background=&#8220;off&#8220; padding_mobile=&#8220;off&#8220;][et_pb_row make_fullwidth=&#8220;on&#8220; padding_mobile=&#8220;off&#8220; make_equal=&#8220;on&#8220; admin_label=&#8220;row&#8220; _builder_version=&#8220;3.0.47&#8243; background_size=&#8220;initial&#8220; background_position=&#8220;top_left&#8220; background_repeat=&#8220;repeat&#8220;][et_pb_column type=&#8220;4_4&#8243; _builder_version=&#8220;3.0.47&#8243; parallax=&#8220;off&#8220; parallax_method=&#8220;on&#8220;][et_pb_text _builder_version=&#8220;3.18.8&#8243; background_size=&#8220;initial&#8220; background_position=&#8220;top_left&#8220; background_repeat=&#8220;repeat&#8220; use_border_color=&#8220;off&#8220; border_color=&#8220;#ffffff&#8220; border_style=&#8220;solid&#8220;][\/et_pb_text][\/et_pb_column][\/et_pb_row][\/et_pb_section][et_pb_section fb_built=&#8220;1&#8243; _builder_version=&#8220;3.18.8&#8243;][et_pb_row custom_padding=&#8220;0|0px|19px|0px|false|false&#8220; _builder_version=&#8220;3.18.8&#8243;][et_pb_column type=&#8220;4_4&#8243; _builder_version=&#8220;3.18.8&#8243; parallax=&#8220;off&#8220; parallax_method=&#8220;on&#8220;][et_pb_image src=&#8220;http:\/\/www.rezeitkon.de\/wordpress\/wp-content\/uploads\/2022\/03\/Zeit-Rebound-png-neu.png&#8220; _builder_version=&#8220;3.18.8&#8243;][\/et_pb_image][\/et_pb_column][\/et_pb_row][\/et_pb_section][et_pb_section fb_built=&#8220;1&#8243; _builder_version=&#8220;3.18.8&#8243;][et_pb_row custom_padding=&#8220;0|0px|30px|0px|false|false&#8220; _builder_version=&#8220;3.18.8&#8243;][et_pb_column type=&#8220;4_4&#8243; _builder_version=&#8220;3.18.8&#8243; parallax=&#8220;off&#8220; parallax_method=&#8220;on&#8220;][et_pb_text _builder_version=&#8220;3.18.8&#8243;]Hinter dem Einsatz zeit-effizienter Praktiken steht meistens die Erwartung, Zeit einzusparen. Trotzdem bleibt oft das Gef\u00fchl, insgesamt immer weniger Zeit zur Verf\u00fcgung zu haben. Ein Grund ist, dass mehr T\u00e4tigkeiten in immer k\u00fcrzerer Zeit und schneller wechselnder Abfolge erledigt werden. Der Einsatz \u201ezeitsparender\u201c Praktiken hat also oft die paradoxe Wirkung, Zeitnot zu erh\u00f6hen. Dieses Ph\u00e4nomen wird auch als \u201eZeit-Rebound Effekt\u201c bezeichnet. F\u00fcr \u201eMultitasking\u201c und \u201ePausen f\u00fcllen\u201c konnten wir einen solchen subjektiven Zeit-Rebound-Effekt empirisch aufzeigen (Geiger, Freudenstein, von Jorck, Gerold, Schrader, 2021, <a href=\"https:\/\/www.researchgate.net\/publication\/353434537_Time_wealth_Measurement_drivers_and_consequences\">https:\/\/doi.org\/10.1016\/j.cresp.2021.100015<\/a>)<em>.<\/em> Die schnellere Erledigung von Aufgaben erh\u00f6ht den Zeitwohlstand nach unseren Ergebnissen hingegen eher. Schnelleres Autofahren erh\u00f6ht wiederum die Zeit, die f\u00fcr allt\u00e4gliche Besorgungen mit dem Auto aufgebracht wird (<a href=\"http:\/\/www.rezeitkon.de\/wordpress\/wp-content\/uploads\/2021\/11\/WP_Buhl-et-al_Time-Use-Rebound_2021.pdf\">Buhl, Erdmann, Gerold,\u00a0 Geiger, von Jorck, Schrader, 2021<\/a>).[\/et_pb_text][\/et_pb_column][\/et_pb_row][\/et_pb_section]<\/p>\n","protected":false},"excerpt":{"rendered":"<p>[et_pb_section fb_built=&#8220;1&#8243; make_fullwidth=&#8220;on&#8220; make_equal=&#8220;on&#8220; custom_padding_last_edited=&#8220;on|desktop&#8220; admin_label=&#8220;section&#8220; module_class=&#8220;binka_header&#8220; _builder_version=&#8220;3.0.74&#8243; background_color=&#8220;#84bc41&#8243; custom_padding_tablet=&#8220;50px|0|50px|0&#8243; transparent_background=&#8220;off&#8220; padding_mobile=&#8220;off&#8220;][et_pb_row make_fullwidth=&#8220;on&#8220; padding_mobile=&#8220;off&#8220; make_equal=&#8220;on&#8220; admin_label=&#8220;row&#8220; _builder_version=&#8220;3.0.47&#8243; background_size=&#8220;initial&#8220; background_position=&#8220;top_left&#8220; background_repeat=&#8220;repeat&#8220;][et_pb_column type=&#8220;4_4&#8243; _builder_version=&#8220;3.0.47&#8243; parallax=&#8220;off&#8220; parallax_method=&#8220;on&#8220;][et_pb_text _builder_version=&#8220;3.18.8&#8243; background_size=&#8220;initial&#8220; background_position=&#8220;top_left&#8220; background_repeat=&#8220;repeat&#8220; use_border_color=&#8220;off&#8220; border_color=&#8220;#ffffff&#8220; border_style=&#8220;solid&#8220;][\/et_pb_text][\/et_pb_column][\/et_pb_row][\/et_pb_section][et_pb_section fb_built=&#8220;1&#8243; _builder_version=&#8220;3.18.8&#8243;][et_pb_row custom_padding=&#8220;0|0px|19px|0px|false|false&#8220; _builder_version=&#8220;3.18.8&#8243;][et_pb_column type=&#8220;4_4&#8243; _builder_version=&#8220;3.18.8&#8243; parallax=&#8220;off&#8220; parallax_method=&#8220;on&#8220;][et_pb_image src=&#8220;http:\/\/www.rezeitkon.de\/wordpress\/wp-content\/uploads\/2022\/03\/Zeit-Rebound-png-neu.png&#8220; _builder_version=&#8220;3.18.8&#8243;][\/et_pb_image][\/et_pb_column][\/et_pb_row][\/et_pb_section][et_pb_section fb_built=&#8220;1&#8243; _builder_version=&#8220;3.18.8&#8243;][et_pb_row custom_padding=&#8220;0|0px|30px|0px|false|false&#8220; _builder_version=&#8220;3.18.8&#8243;][et_pb_column type=&#8220;4_4&#8243; _builder_version=&#8220;3.18.8&#8243; parallax=&#8220;off&#8220; parallax_method=&#8220;on&#8220;][et_pb_text _builder_version=&#8220;3.18.8&#8243;]Hinter dem Einsatz zeit-effizienter Praktiken steht [&hellip;]<\/p>\n","protected":false},"author":1,"featured_media":0,"parent":0,"menu_order":0,"comment_status":"closed","ping_status":"closed","template":"","meta":{"_et_pb_use_builder":"on","_et_pb_old_content":"<!-- wp:paragraph -->\n<p>Hinter dem Einsatz zeit-effizienter Praktiken steht meistens die Erwartung, Zeit einzusparen. Trotzdem bleibt oft das Gef\u00fchl, insgesamt immer weniger Zeit zur Verf\u00fcgung zu haben. Ein Grund ist, dass mehr T\u00e4tigkeiten in immer k\u00fcrzerer Zeit und schneller wechselnder Abfolge erledigt werden. Der Einsatz \u201ezeitsparender\u201c Praktiken hat also oft die paradoxe Wirkung, Zeitnot zu erh\u00f6hen. Dieses Ph\u00e4nomen wird auch als \u201eZeit-Rebound Effekt\u201c bezeichnet. F\u00fcr \u201eMultitasking\u201c und \u201ePausen f\u00fcllen\u201c konnten wir einen solchen subjektiven Zeit-Rebound-Effekt empirisch aufzeigen (Link zum Paper Geiger, S. M., Freudenstein, J.-P., Jorck, G. von, Gerold, S., &amp; Schrader, U. (2021). Time wealth: measurement, drivers and consequences.<em> Current Research in Ecological and Social Psychology, 2, 100015. <\/em>doi:10.1016\/j.cresp.2021.10001 <span><a href=\"javascript:\"><img identifier=\"10.1016\/j.cresp.2021.10001\" identifiertype=\"1\" title=\"Titel anhand dieser DOI in Citavi-Projekt \u00fcbernehmen\" class=\"citavipicker\" src=\"data:image\/svg+xml;base64,PD94bWwgdmVyc2lvbj0iMS4wIiBlbmNvZGluZz0idXRmLTgiPz48IURPQ1RZUEUgc3ZnIFBVQkxJQyAiLS8vVzNDLy9EVEQgU1ZHIDEuMS8vRU4iICJodHRwOi8vd3d3LnczLm9yZy9HcmFwaGljcy9TVkcvMS4xL0RURC9zdmcxMS5kdGQiPjxzdmcgdmVyc2lvbj0iMS4xIiBpZD0iRWJlbmVfMSIgeG1sbnM9Imh0dHA6Ly93d3cudzMub3JnLzIwMDAvc3ZnIiB4bWxuczp4bGluaz0iaHR0cDovL3d3dy53My5vcmcvMTk5OS94bGluayIgeD0iMHB4IiB5PSIwcHgiIHdpZHRoPSIxNnB4IiBoZWlnaHQ9IjE2cHgiIHZpZXdCb3g9IjAgMCAxNiAxNiIgZW5hYmxlLWJhY2tncm91bmQ9Im5ldyAwIDAgMTYgMTYiIHhtbDpzcGFjZT0icHJlc2VydmUiPjxnPjxnPjxwYXRoIGZpbGw9IiNGRkZGRkYiIGQ9Ik04LjAwMSwxNS41QzMuODY0LDE1LjUsMC41LDEyLjEzNiwwLjUsOGMwLTQuMTM1LDMuMzY1LTcuNSw3LjUwMS03LjVTMTUuNSwzLjg2NCwxNS41LDhTMTIuMTM3LDE1LjUsOC4wMDEsMTUuNXoiLz48cGF0aCBmaWxsPSIjRDUyQjFFIiBkPSJNOC4wMDEsMUMxMS44NiwxLDE1LDQuMTQxLDE1LDhzLTMuMTM5LDctNi45OTksN0M0LjE0LDE1LDEsMTEuODU5LDEsOFM0LjE0LDEsOC4wMDEsMSBNOC4wMDEsMEMzLjU4MiwwLDAsMy41ODIsMCw4czMuNTgyLDgsOC4wMDEsOEMxMi40MTgsMTYsMTYsMTIuNDE4LDE2LDhTMTIuNDE4LDAsOC4wMDEsMEw4LjAwMSwweiIvPjwvZz48cGF0aCBmaWxsPSIjRDUyQjFFIiBkPSJNNi43NDUsMTIuNTg5Yy0wLjIyNywwLjEyMi0wLjQ5NywwLjI0Ny0wLjY4NCwwLjI0N2MtMC4zMTgsMC0wLjUwMS0wLjE2NC0wLjUwMS0wLjQ1MmMwLTAuMjA3LDAuMTQtMC4zNzUsMC41OTUtMC42MjJjMS41NDktMC45MDQsMi41OTQtMi4yNzIsMi41OTQtMy43MjFjMC0wLjgyNS0wLjIyNy0xLjExOS0wLjY4MS0xLjExOWMtMC4xMzUsMC0wLjMyLDAuMjE5LTAuNjM2LDAuMjE5SDcuMTU3QzYuMTAyLDcuMTQzLDUuMzMzLDYuMjY0LDUuMzMzLDUuMjNjMC0xLjE1MiwwLjk1OC0yLjAwNiwyLjI4LTIuMDA2YzEuNzc3LDAsMy4wNTMsMS4zNzMsMy4wNTMsMy40M0MxMC42NjYsOS4yMTUsOS4yMDMsMTEuMjcsNi43NDUsMTIuNTg5Ii8+PC9nPjwvc3ZnPg\" style=\"border: 0px none!important;width: 16px!important;height: 16px!important;margin-left:1px !important;margin-right:1px !important;\"><\/a><\/span> im Abschnitt \u201eWissenschaftliche Publikationen\u201c). Die schnellere Erledigung von Aufgaben erh\u00f6ht den Zeitwohlstand nach unseren Ergebnissen hingegen eher. Schnelleres Autofahren erh\u00f6ht wiederum die Zeit, die f\u00fcr allt\u00e4gliche Besorgungen mit dem Auto aufgebracht wird (Link zum Paper Buhl, J.; Erdmann, L.; Gerold, S.; Geiger, S.; von Jorck, G.; Schrader, U. (2021). Time use rebound effects from adpoting time efficient practices in Germany: a zero-inflated negative binomial approach).<\/p>\n<!-- \/wp:paragraph -->\n\n<!-- wp:paragraph -->\n<p><\/p>\n<!-- \/wp:paragraph -->"},"_links":{"self":[{"href":"https:\/\/www.rezeitkon.de\/wordpress\/wp-json\/wp\/v2\/pages\/3495"}],"collection":[{"href":"https:\/\/www.rezeitkon.de\/wordpress\/wp-json\/wp\/v2\/pages"}],"about":[{"href":"https:\/\/www.rezeitkon.de\/wordpress\/wp-json\/wp\/v2\/types\/page"}],"author":[{"embeddable":true,"href":"https:\/\/www.rezeitkon.de\/wordpress\/wp-json\/wp\/v2\/users\/1"}],"replies":[{"embeddable":true,"href":"https:\/\/www.rezeitkon.de\/wordpress\/wp-json\/wp\/v2\/comments?post=3495"}],"version-history":[{"count":18,"href":"https:\/\/www.rezeitkon.de\/wordpress\/wp-json\/wp\/v2\/pages\/3495\/revisions"}],"predecessor-version":[{"id":3650,"href":"https:\/\/www.rezeitkon.de\/wordpress\/wp-json\/wp\/v2\/pages\/3495\/revisions\/3650"}],"wp:attachment":[{"href":"https:\/\/www.rezeitkon.de\/wordpress\/wp-json\/wp\/v2\/media?parent=3495"}],"curies":[{"name":"wp","href":"https:\/\/api.w.org\/{rel}","templated":true}]}}