{"id":1994,"date":"2019-01-10T16:49:15","date_gmt":"2019-01-10T15:49:15","guid":{"rendered":"http:\/\/rezeitkon.de\/wordpress\/?page_id=1994"},"modified":"2021-12-05T23:56:37","modified_gmt":"2021-12-05T22:56:37","slug":"vortraege","status":"publish","type":"page","link":"https:\/\/www.rezeitkon.de\/wordpress\/vortraege\/","title":{"rendered":"Pr\u00e4sentationen"},"content":{"rendered":"<p>[et_pb_section fb_built=&#8220;1&#8243; make_fullwidth=&#8220;on&#8220; make_equal=&#8220;on&#8220; custom_padding_last_edited=&#8220;on|desktop&#8220; admin_label=&#8220;section&#8220; module_class=&#8220;binka_header&#8220; _builder_version=&#8220;3.0.74&#8243; background_color=&#8220;#84bc41&#8243; custom_padding_tablet=&#8220;50px|0|50px|0&#8243; transparent_background=&#8220;off&#8220; padding_mobile=&#8220;off&#8220;][et_pb_row make_fullwidth=&#8220;on&#8220; padding_mobile=&#8220;off&#8220; make_equal=&#8220;on&#8220; column_padding_mobile=&#8220;on&#8220; admin_label=&#8220;row&#8220; _builder_version=&#8220;3.0.47&#8243; background_size=&#8220;initial&#8220; background_position=&#8220;top_left&#8220; background_repeat=&#8220;repeat&#8220;][et_pb_column type=&#8220;4_4&#8243; _builder_version=&#8220;3.0.47&#8243; column_padding_mobile=&#8220;on&#8220; parallax=&#8220;off&#8220; parallax_method=&#8220;on&#8220;][et_pb_text _builder_version=&#8220;3.18.8&#8243; background_size=&#8220;initial&#8220; background_position=&#8220;top_left&#8220; background_repeat=&#8220;repeat&#8220; use_border_color=&#8220;off&#8220; border_style=&#8220;solid&#8220;]<\/p>\n<h4><strong><span style=\"color: #ffffff;\">Pr\u00e4sentationen<\/span><\/strong><\/h4>\n<p>[\/et_pb_text][\/et_pb_column][\/et_pb_row][\/et_pb_section][et_pb_section fb_built=&#8220;1&#8243; _builder_version=&#8220;3.0.47&#8243;][et_pb_row _builder_version=&#8220;3.18.8&#8243; background_size=&#8220;initial&#8220; background_position=&#8220;top_left&#8220; background_repeat=&#8220;repeat&#8220;][et_pb_column type=&#8220;4_4&#8243; _builder_version=&#8220;3.0.47&#8243; parallax=&#8220;off&#8220; parallax_method=&#8220;on&#8220;][et_pb_text _builder_version=&#8220;3.18.8&#8243; inline_fonts=&#8220;Arial&#8220;]<\/p>\n<div class=\"et_pb_module et_pb_text et_pb_text_1 et_pb_bg_layout_light et_pb_text_align_left\">\n<div class=\"et_pb_text_inner\">\n<p>&nbsp;<\/p>\n<\/div>\n<div class=\"et_pb_text_inner\">\n<p><strong>Pr\u00e4sentationen auf internationalen Konferenzen<\/strong><\/p>\n<p><span style=\"font-family: inherit;\">Gerold, S., Buhl, J., Geiger, S. (2021). What drives subjective time wealth? Insights from changes in time use and working conditions during the COVID-19 lockdown in Germany, 43rd International Association for Time Use Research Conference (IATUR), 27.-29.10., Barcelona\/online.<\/p>\n<p>Grauer, C. (2021): &#8222;It\u2019s Time to Talk About Time Shaping Competence: A Framework for Addressing \u201cTime\u201d in ESE&#8220;. Presentation at the European Conference on Educational Research (ECER), Geneva\/online, September 9, 2021<\/span><\/p>\n<p>Grauer, C. (2021). \u201eNow I Appreciate the Small Things in Life.\u201c \u2013 An Inquiry into Learning Potentials for ESE by Researching Students\u2019 Time Use During \u201cLockdown\u201d&#8220;.<br \/>\nPresentation at the European Conference on Educational Research (ECER), Geneva\/online, September 9, 2021<\/p>\n<p>Jorck, G. von\/Gerold, S. (2019): Time prosperity: Going beyond working-time reduction to enhance human well-being and sustainable lifestyles. Presentation at the 13th international conference of the European Society for Ecological Economics (ESEE), Juni 18-21, Turku, Finnland.\u200b<\/p>\n<p><span style=\"font-family: inherit;\">Hellmuth, A.\/Jorck, G. von (2018): Time is Gold. Video presentation at the 6th international Degrowth conference, August 21-25, Malm\u00f6, Schweden.<\/span><\/p>\n<\/div>\n<\/div>\n<p><strong>Pr\u00e4sentationen auf nationalen Konferenzen<\/strong><\/p>\n<p>Jorck, G. von (2019): Zeitwohlstand in Unternehmen. Pr\u00e4sentation auf der Konferenz \u201eGreat Transformation: Die Zukunft moderner Gesellschaften\u201c, \u201eKolleg Postwachstumsgesellschaften Landnahme, Beschleunigung, Aktivierung. Zur (De-)Stabilisierung moderner Wachstumsgesellschaften\u201c und Deutsche Gesellschaft f\u00fcr Soziologie, September 23-27, Jena.<\/p>\n<p>Gerold, S.\/Jorck, G. von (2019): Erwerbsarbeitszeitregime und nachhaltige Lebensf\u00fchrung. Pr\u00e4sentation auf der Konferenz \u201eGreat Transformation: Die Zukunft moderner Gesellschaften\u201c, \u201eKolleg Postwachstumsgesellschaften Landnahme, Beschleunigung, Aktivierung. Zur (De-)Stabilisierung moderner Wachstumsgesellschaften\u201c und Deutsche Gesellschaft f\u00fcr Soziologie, September 23-27, Jena.<\/p>\n<p>Jorck, G. von (2019): Unternehmen als Gestalter nachhaltiger Arbeit. Pr\u00e4sentation auf der Konferenz \u201eGreat Transformation: Die Zukunft moderner Gesellschaften\u201c, \u201eKolleg Postwachstumsgesellschaften Landnahme, Beschleunigung, Aktivierung. Zur (De-)Stabilisierung moderner Wachstumsgesellschaften\u201c und Deutsche Gesellschaft f\u00fcr Soziologie, September 23-27, Jena.<\/p>\n<p>Jorck, G. von\/Cuhls, K.\/Geiger, S.\/Schrader, U. (2019): Zeitwohlstand in der Arbeitswelt von Morgen. Special session auf der Konferenz \u201eGreat Transformation: Die Zukunft moderner Gesellschaften\u201c, \u201eKolleg Postwachstumsgesellschaften Landnahme, Beschleunigung, Aktivierung. Zur (De-)Stabilisierung moderner Wachstumsgesellschaften\u201c und Deutsche Gesellschaft f\u00fcr Soziologie, September 23-27, Jena.<\/p>\n<p>Jorck, G. von\/Flemming, J.\/Gerold, S.\/Schrader, U. (2019): Sozial-\u00f6kologische Arbeitspolitik. Perspektiven auf Arbeit aus der Nachhaltigkeits- und Arbeitsforschung. Special session auf der Konferenz \u201eGreat Transformation: Die Zukunft moderner Gesellschaften\u201c, \u201eKolleg Postwachstumsgesellschaften Landnahme, Beschleunigung, Aktivierung. Zur (De-)Stabilisierung moderner Wachstumsgesellschaften\u201c und Deutsche Gesellschaft f\u00fcr Soziologie, September 23-27, Jena.<\/p>\n<p>Jorck, G. von\/Seidl, I.\/Zahrnt, A. (2019): T\u00e4tigsein in der Postwachstumsgesellschaft. Special session auf der Konferenz \u201eGreat Transformation: Die Zukunft moderner Gesellschaften\u201c, \u201eKolleg Postwachstumsgesellschaften Landnahme, Beschleunigung, Aktivierung. Zur (De-)Stabilisierung moderner Wachstumsgesellschaften\u201c und Deutsche Gesellschaft f\u00fcr Soziologie, September 23-27, Jena.<\/p>\n<p><strong>Andere wissenschatliche Pr\u00e4sentationen (Auswahl)<\/strong><\/p>\n<p>Jorck, G. von (2019): Arbeitszeitverk\u00fcrzung und nachhaltige Lebensf\u00fchrung. Zeitwohlstand &#8211; ein Weg in die Postwachstumsgesellschaft? Pr\u00e4sentation auf der Konsultation \u201eGro\u00dfe Transformation zur nachhaltigen Gesellschaft: Der Wandel der Arbeitswelt\u201c, Forschungsst\u00e4tte der Evangelischen Studiengemeinschaft (FEST), Juni 5-6, Heidelberg.<\/p>\n<p>Jorck, G. von (2019): \u00d6konomisches Wachstum im Spannungsfeld der Nachhaltigkeit \u2013 welches Transformationspotential bieten alternative \u00f6konomische Denkschulen? Podiumsdiskussion an der Universit\u00e4t Witten\/Herdecke, Mai 23.<\/p>\n<p>Jorck, G. von (2019): Arbeitszeitpolitik in der Postwachstumsgesellschaft, Universit\u00e4t Wien, Dezember 9, \u00d6sterreich.<\/p>\n<p>Jorck, G. von (2019): Zeitwohlstand \u2013 Rebound-Risiken und Suffizienz-Chancen einer sozial-\u00f6kologischen Transformation der Arbeitswelt, Universit\u00e4t K\u00f6ln, Mai 21.<\/p>\n<p>Jorck, G. von (2019): Decent Work and Economic Growth. Wachstumsfragen beim \u00dcbergang von der Erwerbsarbeits- zur T\u00e4tigkeitsgesellschaft, FU Berlin, Februar 6.<\/p>\n<p>Jorck, G. von \/Moser, S. (2018): Arbeit und Zeit in der Postwachstumsgesellschaft. Was w\u00e4re eine sozial-\u00f6kologische Arbeitspolitik? Universit\u00e4t Bern, Dezember 13, Schweiz.<\/p>\n<p>Jorck, G. von (2018): Nachhaltige Arbeit in einer Postwachstums\u00f6konomie. Decent Work and Sustainable Growth, FU Berlin, November 22.<\/p>\n<p><strong>Nicht-wissenschatliche Pr\u00e4sentationen (Auswahl)<\/strong><\/p>\n<p>Jorck, G. von (2019): Arbeit und Zeitwohlstand in einer Postwachstumsgesellschaft. Pr\u00e4sentation im Bahnhof Langendreer, November 11, Bochum.<\/p>\n<p>Gerold, S.\/Jorck, G. von\/Schrader, U. (2019): T\u00e4tigsein in der Postwachstumsgesellschaft. Podiumsdiskussion an der Heinrich-B\u00f6ll-Stiftung, Oktober 28, Berlin.<\/p>\n<p>Jorck, G. von (2019): Zeit &amp; Gesellschaft, Zeitwohlstand, Zeit\u00f6konomie. Pr\u00e4sentation am Theater an der Parkaue, Oktober 26, Berlin.<\/p>\n<p>Jorck, G. von (2019): Alternativen zur sozial-\u00f6kologischen Verw\u00fcstung. Podiumsdiskussion bei Medico International, September 28, Frankfurt am Main.<\/p>\n<p>Jorck, G. von (2018): Zeitwohlstand: Wie Du selbstbestimmter und freier handeln kannst. Pr\u00e4sentation auf der Online-Konferenz Karma Konsum, November 21.[\/et_pb_text][et_pb_code _builder_version=&#8220;3.0.47&#8243;][\/et_pb_code][\/et_pb_column][\/et_pb_row][\/et_pb_section][et_pb_section fb_built=&#8220;1&#8243; custom_padding_last_edited=&#8220;on|desktop&#8220; admin_label=&#8220;section&#8220; _builder_version=&#8220;3.0.74&#8243; custom_padding_tablet=&#8220;50px|0|50px|0&#8243; transparent_background=&#8220;off&#8220; padding_mobile=&#8220;off&#8220;][et_pb_row custom_padding=&#8220;30px|0px|0|0px|false|false&#8220; _builder_version=&#8220;3.0.48&#8243; background_size=&#8220;initial&#8220; background_position=&#8220;top_left&#8220; background_repeat=&#8220;repeat&#8220;][et_pb_column type=&#8220;1_4&#8243; _builder_version=&#8220;3.0.47&#8243; parallax=&#8220;off&#8220; parallax_method=&#8220;on&#8220;][et_pb_text _builder_version=&#8220;3.0.87&#8243; background_size=&#8220;initial&#8220; background_position=&#8220;top_left&#8220; background_repeat=&#8220;repeat&#8220; text_orientation=&#8220;right&#8220; use_border_color=&#8220;off&#8220; border_color=&#8220;#ffffff&#8220; border_style=&#8220;solid&#8220;]<\/p>\n<p style=\"text-align: center;\"><strong>Gef\u00f6rdert durch:<\/strong><\/p>\n<p>[\/et_pb_text][\/et_pb_column][et_pb_column type=&#8220;1_4&#8243; _builder_version=&#8220;3.0.47&#8243; parallax=&#8220;off&#8220; parallax_method=&#8220;on&#8220;][et_pb_image src=&#8220;http:\/\/platzhalter.de-web.cc\/wordpress\/wp-content\/uploads\/2015\/08\/BMBF_Binka-e1442826870677.png&#8220; url=&#8220;http:\/\/www.bmbf.de\/&#8220; url_new_window=&#8220;on&#8220; align=&#8220;right&#8220; _builder_version=&#8220;3.0.87&#8243; use_border_color=&#8220;off&#8220; border_color=&#8220;#ffffff&#8220; border_style=&#8220;solid&#8220; animation=&#8220;off&#8220; sticky=&#8220;off&#8220;]<br \/>\n[\/et_pb_image][\/et_pb_column][et_pb_column type=&#8220;1_4&#8243; _builder_version=&#8220;3.0.47&#8243; parallax=&#8220;off&#8220; parallax_method=&#8220;on&#8220;][et_pb_image src=&#8220;http:\/\/www.rezeitkon.de\/wordpress\/wp-content\/uploads\/2021\/01\/FONA-Sozial-o\u0308kologische-Forschung-4C.jpg&#8220; url=&#8220;http:\/\/www.fona.de&#8220; url_new_window=&#8220;on&#8220; _builder_version=&#8220;3.18.8&#8243; use_border_color=&#8220;off&#8220; border_color=&#8220;#ffffff&#8220; border_style=&#8220;solid&#8220; animation=&#8220;off&#8220; sticky=&#8220;off&#8220;]<br \/>\n[\/et_pb_image][\/et_pb_column][et_pb_column type=&#8220;1_4&#8243; _builder_version=&#8220;3.0.47&#8243; parallax=&#8220;off&#8220; parallax_method=&#8220;on&#8220;][\/et_pb_column][\/et_pb_row][\/et_pb_section]<\/p>\n","protected":false},"excerpt":{"rendered":"<p>[et_pb_section fb_built=&#8220;1&#8243; make_fullwidth=&#8220;on&#8220; make_equal=&#8220;on&#8220; custom_padding_last_edited=&#8220;on|desktop&#8220; admin_label=&#8220;section&#8220; module_class=&#8220;binka_header&#8220; _builder_version=&#8220;3.0.74&#8243; background_color=&#8220;#84bc41&#8243; custom_padding_tablet=&#8220;50px|0|50px|0&#8243; transparent_background=&#8220;off&#8220; padding_mobile=&#8220;off&#8220;][et_pb_row make_fullwidth=&#8220;on&#8220; padding_mobile=&#8220;off&#8220; make_equal=&#8220;on&#8220; column_padding_mobile=&#8220;on&#8220; admin_label=&#8220;row&#8220; _builder_version=&#8220;3.0.47&#8243; background_size=&#8220;initial&#8220; background_position=&#8220;top_left&#8220; background_repeat=&#8220;repeat&#8220;][et_pb_column type=&#8220;4_4&#8243; _builder_version=&#8220;3.0.47&#8243; column_padding_mobile=&#8220;on&#8220; parallax=&#8220;off&#8220; parallax_method=&#8220;on&#8220;][et_pb_text _builder_version=&#8220;3.18.8&#8243; background_size=&#8220;initial&#8220; background_position=&#8220;top_left&#8220; background_repeat=&#8220;repeat&#8220; use_border_color=&#8220;off&#8220; border_style=&#8220;solid&#8220;] Pr\u00e4sentationen [\/et_pb_text][\/et_pb_column][\/et_pb_row][\/et_pb_section][et_pb_section fb_built=&#8220;1&#8243; _builder_version=&#8220;3.0.47&#8243;][et_pb_row _builder_version=&#8220;3.18.8&#8243; background_size=&#8220;initial&#8220; background_position=&#8220;top_left&#8220; background_repeat=&#8220;repeat&#8220;][et_pb_column type=&#8220;4_4&#8243; _builder_version=&#8220;3.0.47&#8243; parallax=&#8220;off&#8220; parallax_method=&#8220;on&#8220;][et_pb_text _builder_version=&#8220;3.18.8&#8243; inline_fonts=&#8220;Arial&#8220;] &nbsp; Pr\u00e4sentationen auf internationalen Konferenzen Gerold, S., Buhl, J., [&hellip;]<\/p>\n","protected":false},"author":1,"featured_media":0,"parent":0,"menu_order":0,"comment_status":"closed","ping_status":"closed","template":"","meta":{"_et_pb_use_builder":"on","_et_pb_old_content":""},"_links":{"self":[{"href":"https:\/\/www.rezeitkon.de\/wordpress\/wp-json\/wp\/v2\/pages\/1994"}],"collection":[{"href":"https:\/\/www.rezeitkon.de\/wordpress\/wp-json\/wp\/v2\/pages"}],"about":[{"href":"https:\/\/www.rezeitkon.de\/wordpress\/wp-json\/wp\/v2\/types\/page"}],"author":[{"embeddable":true,"href":"https:\/\/www.rezeitkon.de\/wordpress\/wp-json\/wp\/v2\/users\/1"}],"replies":[{"embeddable":true,"href":"https:\/\/www.rezeitkon.de\/wordpress\/wp-json\/wp\/v2\/comments?post=1994"}],"version-history":[{"count":25,"href":"https:\/\/www.rezeitkon.de\/wordpress\/wp-json\/wp\/v2\/pages\/1994\/revisions"}],"predecessor-version":[{"id":3469,"href":"https:\/\/www.rezeitkon.de\/wordpress\/wp-json\/wp\/v2\/pages\/1994\/revisions\/3469"}],"wp:attachment":[{"href":"https:\/\/www.rezeitkon.de\/wordpress\/wp-json\/wp\/v2\/media?parent=1994"}],"curies":[{"name":"wp","href":"https:\/\/api.w.org\/{rel}","templated":true}]}}